5/(-14). Suppose -5*p = z*u - 43, 2*p = 4*u - 111 - 35. What is the tens digit of u?
3
Let j be (-4 - -7) + -2 - 24. What is the tens digit of 418/8 - j/(-92)?
5
Let k be (-10 - (3 + -1)) + 0. Let c = -20 - k. What is the tens digit of 3/(-12) - 234/c?
2
Let l = 14 + -9. Suppose 3 = -l*s + 8. Let z(a) = a**3 - a + 1. What is the units digit of z(s)?
1
Suppose -5*v + 19811 = 4*h, 24770 = 5*h - 6*v + 11*v. What is the tens digit of h?
5
Let h(u) = -u**2 - u - 6. Let a be h(0). Suppose 0 = -5*g + 84 + 66. What is the tens digit of 10/g + (-88)/a?
1
Let m be (-954)/(-27) + 7/(-3) + 2. Suppose c - 29 = 2*c. Let z = m + c. What is the units digit of z?
6
Suppose 76 = 5*y + 66. Suppose 4*b - 170 = z - y*z, -z + 3*b = -149. What is the hundreds digit of z?
1
Suppose -10 = 5*o - 10*o. Let f = o + 3. Suppose -f*v + a = 6*a - 115, 0 = -v - 5*a + 43. What is the units digit of v?
8
What is the thousands digit of 14/(-70) - 16233/(-15)?
1
Let m be -62 + ((-2)/(3 + -5))/1. Let a = 8 - m. What is the tens digit of a?
6
Let u(p) = 87*p - 36. What is the thousands digit of u(35)?
3
Let f(s) = -29*s - 14. Let v be f(-10). Suppose 0 = -12*g + 6*g + v. What is the tens digit of g?
4
Let b = 448 - -554. What is the thousands digit of b?
1
Suppose p - 132 = 7*p. Let x = p - -121. What is the units digit of x?
9
Let z be ((-14)/(-42))/(2/(-258)). Let t = 91 + z. What is the tens digit of t?
4
Let d be 116376/182 + (-2)/(-7)*2. Suppose 7*h - 3*h = d. What is the hundreds digit of h?
1
Suppose -20*g + 11556 + 23664 = 0. What is the tens digit of g?
6
Suppose 5*y + 0*y - 2*q - 15033 = 0, -4*q = 4*y - 12032. What is the hundreds digit of y?
0
Suppose 9*n - 11*n + 406 = 0. What is the units digit of n?
3
Suppose 3*b + 17 = 4*x + 1, 5*b - 5*x = -30. Let u be b/(-4)*(1 + -11). Let i = 47 + u. What is the tens digit of i?
2
Suppose -5*p + 21 = 2*p. Let n = -4 + 9. Suppose -n*j + 2*i + 188 = -i, p*j = 5*i + 116. What is the tens digit of j?
3
Suppose -5*b = 2*i + 26, -2*b + 6*b = -4*i - 28. What is the units digit of (-1)/(i - (-205)/70)?
4
Let h(q) = 15*q - 2. Let s be h(5). Suppose 3*n = -4*g - 28 + s, 2*n + g = 25. What is the tens digit of n?
1
Let h be 82/(-26) + (-4)/(-26). Let s(r) = -r - 9. Let v be s(-7). What is the tens digit of h/(-6) + (-45)/v?
2
What is the units digit of (-2 - -4) + (5 + 2 - -460)?
9
Suppose 0 = 3*z - 8*l + 3*l - 1304, 0 = l + 1. Let j = z + -294. What is the tens digit of j?
3
Suppose 0 = o + 2, b = o + 2*o + 2. Let w = -1 - -4. What is the tens digit of 1812/36 + b/w?
4
Suppose 0 = j - 4*j - l - 25, -4*j + 5*l = 8. Let h = 7 + j. Suppose -o = -h*o - 2. What is the units digit of o?
2
Let y be (1 - 1)/(-3 - -4). Suppose 5*m - m = -4*f + 16, -4*m - 3*f = -17. Suppose y = 2*w - 5*n - 94, -177 = -m*w - 2*n - 0*n. What is the tens digit of w?
3
Suppose 5*g - 5 = 0, 4*t - 5*g + 21 + 56 = 0. Let a = t - -84. Suppose 3*l = -5*o + 53, a = -3*l + 7*l + 2*o. What is the units digit of l?
6
Suppose 2*j - 4 = 4*j, -33 = -5*a + 4*j. Suppose -4*q - a*x - 9 = -0*q, 0 = q - 4*x - 3. What is the units digit of ((-6)/q)/2 + 6?
9
Suppose 2*j + 89 = 1361. What is the units digit of j?
6
Let s = 30 + -34. Let k(n) = -39*n - 16. What is the hundreds digit of k(s)?
1
Let t(k) = k**2 + 8*k - 8. Let p = 12 + -21. Let i be t(p). What is the units digit of 12/i*10/4?
0
Suppose -2*r + o + 193 = 0, 5*r - 4*o - 248 = 239. What is the tens digit of r?
9
Let m = -33 - -71. Let a be 1 + -1 + 62 - -1. Let g = a - m. What is the tens digit of g?
2
Suppose 0 = r - d - 1, -2*d = 4*r - 16. Suppose 4*n = -f + r*n + 171, 0 = -4*n + 16. What is the units digit of f?
7
Let w(g) = -3*g + 7. Let d be w(-16). Suppose -d - 71 = -7*b. What is the tens digit of b?
1
Let w = 2067 - 1229. What is the tens digit of (-5)/(-25) + w/10?
8
What is the units digit of (-6)/(-12)*20 + 994?
4
Suppose y - 21 = -0. Let t be (60/y)/((-6)/(-21)). Let m(w) = w**3 - 10*w**2 + 4*w - 7. What is the units digit of m(t)?
3
Let w(r) = r**2 - 2*r. Let z be w(3). Suppose f = -q - 1 + 8, -z*q = -9. Suppose -v - 12 = -f*p, 3*v = 5*v. What is the units digit of p?
3
What is the hundreds digit of (4 + -77 - -7)/(1/(-5))?
3
Let b(r) = 12*r**2 - 21*r - 7. Suppose 0 = -l + 6 - 1. What is the tens digit of b(l)?
8
Let b(g) = -g**3 - 17*g**2 - 18*g - 1. Let n be b(-13). Let c = n - -633. What is the hundreds digit of c?
1
Suppose 5*o - 3 + 0 = -b, -4*b = 2*o - 12. What is the tens digit of (-42 + (-2 - o))*3/(-4)?
3
Suppose -3 = 3*f - 9. Let m be (45/(-30))/((-3)/4). Suppose -2*r - f = 2*i, -2*r + 0*r + m = 4*i. What is the units digit of i?
2
What is the tens digit of ((-1152)/(-21))/((-20)/(-70))?
9
Let k(i) = i**2 + 11*i - 4. Let s be k(-12). Let c(l) = l + 10. What is the units digit of c(s)?
8
Suppose -5*c = -18 + 3. Suppose -o = 4*s - 19, 5*o + c*s - 134 - 29 = 0. What is the tens digit of o?
3
Let g(a) be the second derivative of 3*a**5/10 + a**3/3 - a**2/2 + 14*a. What is the tens digit of g(2)?
5
Let t(a) = -a**3 - 2*a**2 - 2*a + 4. Let p be t(-3). What is the units digit of 2/(0/5 + 1/p)?
8
Suppose -5*f = -5*q - 8*f + 5561, 4 = 2*f. What is the tens digit of q?
1
What is the thousands digit of (3 - (10 + 24))*-68?
2
Let a be 2/(1/(-75)*(-27)/9). Let h = 90 - a. What is the units digit of h?
0
What is the tens digit of 278514/225*5 + (-3)/15?
8
Let f = -4 - -4. Let h be (-3 - f) + 54/6. What is the units digit of (h/(-9))/(2/(-87))?
9
Suppose 0 = -7*x - 965 + 3625. What is the hundreds digit of x?
3
Let y(x) = x**3 - 8*x + 1. What is the tens digit of y(6)?
6
Let u be (3 - 2)*3 + 14. Let d = u - 9. Let x(f) = f**3 - 9*f**2 + 9*f + 1. What is the units digit of x(d)?
9
Let z(r) = r**2 - 6*r**2 - 9 - 4 - 9*r + 4*r**2. Let d be z(-6). Suppose 3*m - 5*m - 10 = 0, -m + 60 = d*n. What is the units digit of n?
3
Let i be (-19 - -29)*(-11)/(-2). Suppose 0*c = c - k - i, -5*c = -2*k - 284. What is the units digit of c?
8
Let a(c) = c + 1. Let w(r) = -9*r**2 + 4*r + 5. Let f(i) = 4*a(i) - w(i). Let y be f(-1). What is the units digit of y/3 + (-2)/3?
2
What is the units digit of 50/20*(-8264)/(-20)?
3
Suppose -13 - 7 = -4*l. Suppose 3*k = 3*j + 591, -l*k - 4*j - 203 + 1179 = 0. What is the tens digit of k?
9
Let y(o) = -o + 6. Let f be y(6). Let c be 2*(42/(-4) - f). Let t = c + 30. What is the units digit of t?
9
Let u = 5 - 5. Suppose 4*x + 3*k - 19 = u, 4 = 3*x + k - 4. Suppose -q + x = -7. What is the units digit of q?
8
Let j be (-28)/2 + 9 + -5. Let k = j - -13. Suppose -4*d = -2*x + 84, k*d = 3*x - 7 - 113. What is the units digit of x?
8
Suppose -5*u - 8*u = -11349. What is the hundreds digit of u?
8
Let r(v) = 57*v**2 - v + 7. What is the hundreds digit of r(-3)?
5
Let v = -43 - -93. Let l be 4/(-2)*v/(-20). What is the tens digit of ((-42)/5)/((-2)/l)?
2
Let q = -186 - -800. What is the hundreds digit of q?
6
Let s(r) = -109*r**2 - 2*r + 2. Let q be s(1). Let o = 233 + q. What is the tens digit of o?
2
Let c = 780 - 548. What is the tens digit of c?
3
Suppose 28 = 20*x - 13*x. Suppose -44 - 160 = -x*a. What is the units digit of a?
1
Suppose 4*s + 0*h = 3*h + 1, 4*s + 5*h = -23. What is the tens digit of (-1)/s - (-3 - (-355)/(-2))?
8
Suppose 2 = -a - 17. Let b = -14 - a. What is the units digit of b?
5
Let q = -47 + -43. Let h = -27 - q. What is the tens digit of h?
6
Let w = -39 - -61. Suppose w*h - 14*h = 2328. What is the hundreds digit of h?
2
Let r = -16 - -18. Suppose -r*c + 88 = -0*c. Let l = -19 + c. What is the tens digit of l?
2
Let q(z) = 3*z**2 - 5*z + 38. What is the tens digit of q(5)?
8
Suppose 0 = -7*o + 8*o. Suppose o = -0*c - 2*c - 10. What is the tens digit of (c/20)/((-3)/348)?
2
Let g = 199 - -23. Let o = -155 + g. Let m = o - 35. What is the units digit of m?
2
Let p(r) = 4*r**2 - 2*r - 1. Let v be p(-7). Let z = 301 - v. What is the units digit of z?
2
Let k(i) = 226*i + 462. What is the hundreds digit of k(9)?
4
Let k(h) = 2*h**3 - 2*h**2 + 2*h + 1. Let o(y) = 4*y**3 - 5*y**2 + 5*y + 3. Let p(t) = 5*k(t) - 2*o(t). What is the units digit of p(1)?
1
Suppose 0 = p - 16 + 1. Suppose 13*c + 146 = p*c. What is the tens digit of c?
7
What is the hundreds digit of 24*(-370)/(-100)*10/4?
2
Let n(b) = b**3 + b**2 + b + 9. What is the tens digit of n(4)?
9
Let q(w) = 3*w**2 - 8*w - 3. Let t be